{"id":1140,"date":"2023-11-24T09:50:26","date_gmt":"2023-11-24T08:50:26","guid":{"rendered":"https:\/\/chape-liquide-savoie.com\/?page_id=1140"},"modified":"2025-07-04T12:44:58","modified_gmt":"2025-07-04T10:44:58","slug":"chape-anhydrite","status":"publish","type":"page","link":"https:\/\/chape-liquide-savoie.com\/index.php\/chape-anhydrite\/","title":{"rendered":"CHAPE ANHYDRITE"},"content":{"rendered":"\t\t<div data-elementor-type=\"wp-page\" data-elementor-id=\"1140\" class=\"elementor elementor-1140\">\n\t\t\t\t<div class=\"elementor-element elementor-element-05ed448 e-flex e-con-boxed e-con e-parent\" data-id=\"05ed448\" data-element_type=\"container\" data-e-type=\"container\">\n\t\t\t\t\t<div class=\"e-con-inner\">\n\t\t<div class=\"elementor-element elementor-element-deb9062 e-con-full e-flex e-con e-child\" data-id=\"deb9062\" data-element_type=\"container\" data-e-type=\"container\">\n\t\t\t\t<div class=\"elementor-element elementor-element-5f3875b elementor-widget elementor-widget-text-editor\" data-id=\"5f3875b\" data-element_type=\"widget\" data-e-type=\"widget\" data-widget_type=\"text-editor.default\">\n\t\t\t\t<div class=\"elementor-widget-container\">\n\t\t\t\t\t\t\t\t\t<h3>D\u00e9couvrez la Chape Anhydrite : Une Solution Moderne pour Vos Rev\u00eatements de Sol<\/h3><p class=\"Standard\"><span style=\"color: black;\">La chape anhydrite, \u00e9galement connue sous le nom de chape fluide ou chape liquide, est une solution moderne et performante pour la r\u00e9alisation de rev\u00eatements de sol. Ce mat\u00e9riau, compos\u00e9 principalement de <b>sulfate de calcium <\/b>et d\u2019eau, offre de nombreux avantages tant sur le plan technique qu\u2019esth\u00e9tique.<\/span><\/p><p class=\"Standard\"><span style=\"color: black;\">Elle permet d&rsquo;<b>optimiser la performance<\/b> de tous types de planchers chauffants (hydrauliques et \u00e9lectriques).<\/span><\/p><p class=\"Standard\"><span style=\"color: black;\">Elle permet une <b>r\u00e9gualtion de la temp\u00e9rature<\/b> et de moins consommer d&rsquo;\u00e9nergie<\/span><\/p><p class=\"Standard\"><span style=\"color: black;\">Elle peut \u00eatre coul\u00e9e dans une <b>maison individuelle<\/b> comme dans des <b>b\u00e2timents industriels<\/b> ou du collectif.<\/span><\/p><p class=\"Standard\"><span style=\"color: black;\">Elles sont dite <b>sans pellicule<\/b> et ne n\u00e9cessitent pas ou peu (selon les marques) de pon\u00e7age donc \u00e9vitement de poussi\u00e8re.<\/span><\/p>\t\t\t\t\t\t\t\t<\/div>\n\t\t\t\t<\/div>\n\t\t\t\t<\/div>\n\t\t<div class=\"elementor-element elementor-element-3267fbb e-con-full e-flex e-con e-child\" data-id=\"3267fbb\" data-element_type=\"container\" data-e-type=\"container\">\n\t\t\t\t<div class=\"elementor-element elementor-element-a2dcdbd elementor-widget elementor-widget-image\" data-id=\"a2dcdbd\" data-element_type=\"widget\" data-e-type=\"widget\" data-widget_type=\"image.default\">\n\t\t\t\t<div class=\"elementor-widget-container\">\n\t\t\t\t\t\t\t\t\t\t\t\t\t\t\t<img fetchpriority=\"high\" decoding=\"async\" width=\"1024\" height=\"1365\" src=\"https:\/\/chape-liquide-savoie.com\/wp-content\/uploads\/2025\/03\/anhydrite.jpg\" class=\"attachment-full size-full wp-image-1530\" alt=\"\" srcset=\"https:\/\/chape-liquide-savoie.com\/wp-content\/uploads\/2025\/03\/anhydrite.jpg 1024w, https:\/\/chape-liquide-savoie.com\/wp-content\/uploads\/2025\/03\/anhydrite-225x300.jpg 225w, https:\/\/chape-liquide-savoie.com\/wp-content\/uploads\/2025\/03\/anhydrite-768x1024.jpg 768w\" sizes=\"(max-width: 1024px) 100vw, 1024px\" \/>\t\t\t\t\t\t\t\t\t\t\t\t\t\t\t<\/div>\n\t\t\t\t<\/div>\n\t\t\t\t<\/div>\n\t\t\t\t\t<\/div>\n\t\t\t\t<\/div>\n\t\t\t\t<\/div>\n\t\t","protected":false},"excerpt":{"rendered":"<p>D\u00e9couvrez la Chape Anhydrite : Une Solution Moderne pour Vos Rev\u00eatements de Sol La chape anhydrite, \u00e9galement connue sous le nom de chape fluide ou chape liquide, est une solution moderne et performante pour la r\u00e9alisation de rev\u00eatements de sol. Ce mat\u00e9riau, compos\u00e9 principalement de sulfate de calcium et d\u2019eau, offre de nombreux avantages tant [&hellip;]<\/p>\n","protected":false},"author":1,"featured_media":0,"parent":0,"menu_order":0,"comment_status":"closed","ping_status":"closed","template":"","meta":{"site-sidebar-layout":"no-sidebar","site-content-layout":"page-builder","ast-site-content-layout":"full-width-container","site-content-style":"default","site-sidebar-style":"default","ast-global-header-display":"","ast-banner-title-visibility":"","ast-main-header-display":"","ast-hfb-above-header-display":"","ast-hfb-below-header-display":"","ast-hfb-mobile-header-display":"","site-post-title":"disabled","ast-breadcrumbs-content":"","ast-featured-img":"disabled","footer-sml-layout":"","theme-transparent-header-meta":"","adv-header-id-meta":"","stick-header-meta":"","header-above-stick-meta":"","header-main-stick-meta":"","header-below-stick-meta":"","astra-migrate-meta-layouts":"set","ast-page-background-enabled":"default","ast-page-background-meta":{"desktop":{"background-color":"","background-image":"","background-repeat":"repeat","background-position":"center center","background-size":"auto","background-attachment":"scroll","background-type":"","background-media":"","overlay-type":"","overlay-color":"","overlay-gradient":""},"tablet":{"background-color":"","background-image":"","background-repeat":"repeat","background-position":"center center","background-size":"auto","background-attachment":"scroll","background-type":"","background-media":"","overlay-type":"","overlay-color":"","overlay-gradient":""},"mobile":{"background-color":"","background-image":"","background-repeat":"repeat","background-position":"center center","background-size":"auto","background-attachment":"scroll","background-type":"","background-media":"","overlay-type":"","overlay-color":"","overlay-gradient":""}},"ast-content-background-meta":{"desktop":{"background-color":"var(--ast-global-color-5)","background-image":"","background-repeat":"repeat","background-position":"center center","background-size":"auto","background-attachment":"scroll","background-type":"","background-media":"","overlay-type":"","overlay-color":"","overlay-gradient":""},"tablet":{"background-color":"var(--ast-global-color-5)","background-image":"","background-repeat":"repeat","background-position":"center center","background-size":"auto","background-attachment":"scroll","background-type":"","background-media":"","overlay-type":"","overlay-color":"","overlay-gradient":""},"mobile":{"background-color":"var(--ast-global-color-5)","background-image":"","background-repeat":"repeat","background-position":"center center","background-size":"auto","background-attachment":"scroll","background-type":"","background-media":"","overlay-type":"","overlay-color":"","overlay-gradient":""}},"footnotes":""},"class_list":["post-1140","page","type-page","status-publish","hentry"],"_links":{"self":[{"href":"https:\/\/chape-liquide-savoie.com\/index.php\/wp-json\/wp\/v2\/pages\/1140","targetHints":{"allow":["GET"]}}],"collection":[{"href":"https:\/\/chape-liquide-savoie.com\/index.php\/wp-json\/wp\/v2\/pages"}],"about":[{"href":"https:\/\/chape-liquide-savoie.com\/index.php\/wp-json\/wp\/v2\/types\/page"}],"author":[{"embeddable":true,"href":"https:\/\/chape-liquide-savoie.com\/index.php\/wp-json\/wp\/v2\/users\/1"}],"replies":[{"embeddable":true,"href":"https:\/\/chape-liquide-savoie.com\/index.php\/wp-json\/wp\/v2\/comments?post=1140"}],"version-history":[{"count":13,"href":"https:\/\/chape-liquide-savoie.com\/index.php\/wp-json\/wp\/v2\/pages\/1140\/revisions"}],"predecessor-version":[{"id":1572,"href":"https:\/\/chape-liquide-savoie.com\/index.php\/wp-json\/wp\/v2\/pages\/1140\/revisions\/1572"}],"wp:attachment":[{"href":"https:\/\/chape-liquide-savoie.com\/index.php\/wp-json\/wp\/v2\/media?parent=1140"}],"curies":[{"name":"wp","href":"https:\/\/api.w.org\/{rel}","templated":true}]}}